{"id":2782,"date":"2024-04-17T15:25:14","date_gmt":"2024-04-17T13:25:14","guid":{"rendered":"https:\/\/ngpreparateurmental.fr\/?page_id=2782"},"modified":"2025-06-09T17:11:59","modified_gmt":"2025-06-09T15:11:59","slug":"psychologue","status":"publish","type":"page","link":"https:\/\/nicolasgace-psychologue.fr\/index.php\/psychologue\/","title":{"rendered":"Psychologue"},"content":{"rendered":"\n<div class=\"wp-block-group alignfull has-background is-layout-constrained wp-block-group-is-layout-constrained\" style=\"background-color:#f5ede6\">\n<div class=\"wp-block-group alignfull has-background is-layout-constrained wp-block-group-is-layout-constrained\" style=\"background-color:#f5ede6\">\n<div class=\"wp-block-group alignfull has-background is-layout-constrained wp-block-group-is-layout-constrained\" style=\"background-color:#f5ede6\">\n<div class=\"wp-block-group alignfull is-layout-constrained wp-block-group-is-layout-constrained\">\n<div class=\"wp-block-group alignwide has-background is-nowrap is-layout-flex wp-container-core-group-is-layout-6c531013 wp-block-group-is-layout-flex\" style=\"background-color:#f5ede6\">\n<div class=\"wp-block-group alignwide has-background is-layout-constrained wp-block-group-is-layout-constrained\" style=\"background-color:#f5ede6\">\n<div class=\"wp-block-group alignwide is-vertical is-content-justification-stretch is-layout-flex wp-container-core-group-is-layout-353c4f5a wp-block-group-is-layout-flex\">\n<div class=\"wp-block-cover is-light\"><img fetchpriority=\"high\" decoding=\"async\" width=\"1152\" height=\"642\" class=\"wp-block-cover__image-background wp-image-2936\" alt=\"\" src=\"https:\/\/nicolasgace-psychologue.fr\/wp-content\/uploads\/2024\/05\/arriere-plan-12-1.png\" data-object-fit=\"cover\" srcset=\"https:\/\/nicolasgace-psychologue.fr\/wp-content\/uploads\/2024\/05\/arriere-plan-12-1.png 1152w, https:\/\/nicolasgace-psychologue.fr\/wp-content\/uploads\/2024\/05\/arriere-plan-12-1-300x167.png 300w, https:\/\/nicolasgace-psychologue.fr\/wp-content\/uploads\/2024\/05\/arriere-plan-12-1-1024x571.png 1024w, https:\/\/nicolasgace-psychologue.fr\/wp-content\/uploads\/2024\/05\/arriere-plan-12-1-768x428.png 768w, https:\/\/nicolasgace-psychologue.fr\/wp-content\/uploads\/2024\/05\/arriere-plan-12-1-600x334.png 600w\" sizes=\"(max-width: 1152px) 100vw, 1152px\" \/><span aria-hidden=\"true\" class=\"wp-block-cover__background has-transparent-background-color has-background-dim\"><\/span><div class=\"wp-block-cover__inner-container is-layout-flow wp-block-cover-is-layout-flow\">\n<div class=\"wp-block-group is-layout-constrained wp-block-group-is-layout-constrained\">\n<div class=\"wp-block-columns is-layout-flex wp-container-core-columns-is-layout-28f84493 wp-block-columns-is-layout-flex\">\n<div class=\"wp-block-column is-layout-flow wp-block-column-is-layout-flow\" style=\"flex-basis:100%\">\n<div class=\"wp-block-columns is-layout-flex wp-container-core-columns-is-layout-28f84493 wp-block-columns-is-layout-flex\">\n<div class=\"wp-block-column is-vertically-aligned-center is-layout-flow wp-block-column-is-layout-flow\" style=\"flex-basis:50%\">\n<h2 class=\"wp-block-heading has-text-align-center has-playfair-display-font-family has-xx-large-font-size\" style=\"font-style:normal;font-weight:700;line-height:2\">Nicolas Gace<br>Psychologue \u00e0 Poitiers<\/h2>\n<\/div>\n\n\n\n<div class=\"wp-block-column is-layout-flow wp-block-column-is-layout-flow\" style=\"flex-basis:50%\">\n<figure class=\"wp-block-image size-full is-resized has-custom-border is-style-default\"><img decoding=\"async\" width=\"500\" height=\"500\" src=\"https:\/\/nicolasgace-psychologue.fr\/wp-content\/uploads\/2024\/04\/2.2.png\" alt=\"\" class=\"wp-image-2785\" style=\"border-style:none;border-width:0px;border-radius:0px;width:419px;height:auto\" srcset=\"https:\/\/nicolasgace-psychologue.fr\/wp-content\/uploads\/2024\/04\/2.2.png 500w, https:\/\/nicolasgace-psychologue.fr\/wp-content\/uploads\/2024\/04\/2.2-300x300.png 300w, https:\/\/nicolasgace-psychologue.fr\/wp-content\/uploads\/2024\/04\/2.2-150x150.png 150w, https:\/\/nicolasgace-psychologue.fr\/wp-content\/uploads\/2024\/04\/2.2-100x100.png 100w\" sizes=\"(max-width: 500px) 100vw, 500px\" \/><\/figure>\n<\/div>\n<\/div>\n<\/div>\n<\/div>\n<\/div>\n<\/div><\/div>\n\n\n\n<hr class=\"wp-block-separator alignwide has-alpha-channel-opacity is-style-wide\"\/>\n<\/div>\n\n\n\n<div class=\"wp-block-columns is-layout-flex wp-container-core-columns-is-layout-28f84493 wp-block-columns-is-layout-flex\">\n<div class=\"wp-block-column is-layout-flow wp-block-column-is-layout-flow\">\n<h2 class=\"wp-block-heading has-text-align-center has-playfair-display-font-family has-xx-large-font-size\" style=\"font-style:italic;font-weight:700\">Mon approche<\/h2>\n\n\n\n<p class=\"has-text-align-center has-body-font-family has-medium-font-size\" style=\"font-style:normal;font-weight:500;line-height:2\">En tant que psychologue, je m&rsquo;engage \u00e0 offrir un espace s\u00fbr et bienveillant o\u00f9 chacun est libre d&rsquo;explorer les complexit\u00e9s de son esprit et de ses \u00e9motions. Fort de mon engagement envers une approche holistique, je crois en l&rsquo;int\u00e9gration de diverses th\u00e9ories et pratiques pour r\u00e9pondre aux besoins uniques de chaque individu. <br>Mon approche repose sur une \u00e9coute attentive, une compr\u00e9hension empathique et une collaboration active, visant \u00e0 favoriser la croissance personnelle et le bien-\u00eatre \u00e0 long terme. En travaillant ensemble, nous pouvons d\u00e9couvrir les forces int\u00e9rieures, surmonter les obstacles et trouver des solutions constructives pour vivre une vie \u00e9panouissante et significative.<\/p>\n<\/div>\n\n\n\n<div class=\"wp-block-column is-layout-flow wp-block-column-is-layout-flow\">\n<h2 class=\"wp-block-heading has-text-align-center has-playfair-display-font-family has-xx-large-font-size\" style=\"font-style:italic;font-weight:700\">Mon parcours<\/h2>\n\n\n\n<p class=\"has-text-align-center has-body-font-family has-medium-font-size\" style=\"font-style:normal;font-weight:500;line-height:2\">Originaire de Poitiers, j&rsquo;ai effectu\u00e9 ma licence de Psychologie \u00e0 l&rsquo;universit\u00e9 de Poitiers, puis j&rsquo;ai obtenu mon Master 2 en Psychologie du Travail et des Organisations (PSTO) \u00e0 l&rsquo;universit\u00e9 de Nancy en 2021.<br><br>J&rsquo;accompagne depuis 1 an des sportifs, \u00e9tudiants, professionnels ou quiconque souhaitant progresser et optimiser ses performances gr\u00e2ce au mental en tant que pr\u00e9parateur mental.<\/p>\n<\/div>\n<\/div>\n\n\n\n<div style=\"height:50px;width:0px\" aria-hidden=\"true\" class=\"wp-block-spacer\"><\/div>\n\n\n\n<hr class=\"wp-block-separator alignwide has-alpha-channel-opacity is-style-wide\"\/>\n\n\n\n<div style=\"height:50px;width:0px\" aria-hidden=\"true\" class=\"wp-block-spacer\"><\/div>\n\n\n\n<h2 class=\"wp-block-heading has-text-align-center has-playfair-display-font-family has-xx-large-font-size\" style=\"font-style:italic;font-weight:700\">Informations l\u00e9gales<\/h2>\n\n\n\n<p class=\"has-text-align-center has-body-font-family has-medium-font-size\" style=\"font-style:normal;font-weight:500;line-height:2\"><br>Le respect du <em><strong>code de d\u00e9ontologie<\/strong>* <\/em>des psychologues est non seulement une obligation professionnelle, mais aussi une pierre angulaire de la pratique \u00e9thique en psychologie. <br>En adh\u00e9rant \u00e0 ce code, les psychologues s&rsquo;engagent \u00e0 prot\u00e9ger la confidentialit\u00e9 des informations partag\u00e9es par leurs patients, \u00e0 maintenir des normes \u00e9lev\u00e9es de comp\u00e9tence professionnelle <br>et \u00e0 respecter la dignit\u00e9 et les droits de ceux qu&rsquo;ils accompagnent. <br>Ce code exige \u00e9galement la transparence dans les relations avec les patients, ainsi qu&rsquo;une r\u00e9flexion constante sur l&rsquo;impact de leurs actions sur autrui. <br>En suivant ces principes, les psychologues garantissent un environnement s\u00fbr et respectueux o\u00f9 les individus peuvent se sentir en confiance <br>pour explorer leurs pens\u00e9es, leurs \u00e9motions et leurs exp\u00e9riences de vie.<\/p>\n\n\n\n<p class=\"has-body-font-family\">*Si vous souhaitez en savoir plus sur le code de d\u00e9ontologie des psychologues voici<em><strong> un <a href=\"https:\/\/www.codededeontologiedespsychologues.fr\/Code-de-Deontologie-des.html\">lien vers celui-ci<\/a><\/strong><\/em><\/p>\n\n\n\n<div style=\"height:20px;width:0px\" aria-hidden=\"true\" class=\"wp-block-spacer\"><\/div>\n\n\n\n<p class=\"has-text-align-center has-body-font-family has-medium-font-size\">Num\u00e9ro ADELI : 869309393<\/p>\n\n\n\n<div style=\"height:50px;width:0px\" aria-hidden=\"true\" class=\"wp-block-spacer\"><\/div>\n\n\n\n<hr class=\"wp-block-separator alignwide has-alpha-channel-opacity is-style-wide\"\/>\n\n\n\n<div style=\"height:50px;width:0px\" aria-hidden=\"true\" class=\"wp-block-spacer\"><\/div>\n\n\n\n<h2 class=\"wp-block-heading has-text-align-center has-playfair-display-font-family has-xx-large-font-size\" style=\"font-style:italic;font-weight:700\">Consultation<\/h2>\n\n\n\n<div class=\"wp-block-columns is-layout-flex wp-container-core-columns-is-layout-28f84493 wp-block-columns-is-layout-flex\">\n<div class=\"wp-block-column is-layout-flow wp-block-column-is-layout-flow\">\n<p class=\"has-text-align-center has-body-font-family has-medium-font-size\" style=\"font-style:normal;font-weight:400;line-height:2\">Lors de la premi\u00e8re consultation, nous prenons le temps d&rsquo;explorer les motifs de votre venue, vos attentes et le contexte de votre demande. \u00c0 la suite de cette premi\u00e8re rencontre, nous convenons ensemble des modalit\u00e9s du travail th\u00e9rapeutique que vous souhaitez entreprendre.<\/p>\n\n\n\n<p class=\"has-text-align-center has-body-font-family has-medium-font-size\" style=\"font-style:normal;font-weight:400;line-height:2\">Les premi\u00e8res s\u00e9ances ont pour objectif de construire une alliance th\u00e9rapeutique solide, o\u00f9 vous pouvez exposer vos pr\u00e9occupations et vos attentes, tout en \u00e9tablissant le cadre th\u00e9rapeutique.<\/p>\n\n\n\n<p class=\"has-text-align-center has-body-font-family has-medium-font-size\" style=\"font-style:normal;font-weight:400;line-height:2\">Pour favoriser le d\u00e9veloppement de vos r\u00e9flexions (parole libre), des s\u00e9ances hebdomadaires sont g\u00e9n\u00e9ralement recommand\u00e9es. Cependant, nous adaptons le rythme de nos rencontres selon vos besoins. Les s\u00e9ances durent entre quarante-cinq minutes et une heure et suivent le principe de l&rsquo;\u00ab association libre \u00bb, vous permettant d&rsquo;\u00e9voquer spontan\u00e9ment vos pens\u00e9es et vos \u00e9motions. Vous \u00eates guid\u00e9 dans ce processus pour explorer votre v\u00e9cu et trouver des solutions aux difficult\u00e9s que vous rencontrez.<\/p>\n<\/div>\n<\/div>\n\n\n\n<div style=\"height:50px;width:0px\" aria-hidden=\"true\" class=\"wp-block-spacer\"><\/div>\n\n\n\n<hr class=\"wp-block-separator alignwide has-alpha-channel-opacity is-style-wide\"\/>\n\n\n\n<div style=\"height:50px;width:0px\" aria-hidden=\"true\" class=\"wp-block-spacer\"><\/div>\n\n\n\n<h2 class=\"wp-block-heading has-text-align-center has-playfair-display-font-family has-xx-large-font-size\" style=\"font-style:italic;font-weight:700\">Honoraires<\/h2>\n\n\n\n<div style=\"height:30px;width:0px\" aria-hidden=\"true\" class=\"wp-block-spacer\"><\/div>\n\n\n\n<figure class=\"wp-block-table is-style-stripes has-body-font-family has-medium-font-size\" style=\"font-style:normal;font-weight:400;line-height:1.5\"><table class=\"has-background\" style=\"background-color:#feaa73;border-width:5px\"><tbody><tr><td class=\"has-text-align-center\" data-align=\"center\"><strong>Consultation<\/strong><\/td><td class=\"has-text-align-center\" data-align=\"center\"><strong>Dur\u00e9e<\/strong><\/td><td class=\"has-text-align-center\" data-align=\"center\"><strong>Tarifs<\/strong><\/td><\/tr><tr><td class=\"has-text-align-center\" data-align=\"center\"><strong>Consultation individuelle (adulte)<br><br>Th\u00e9rapie de couple<\/strong><\/td><td class=\"has-text-align-center\" data-align=\"center\"><strong>1 heure<\/strong><br><br><strong>1 heure<\/strong><\/td><td class=\"has-text-align-center\" data-align=\"center\"><strong>60\u20ac<\/strong><br><br><strong>90\u20ac<\/strong><\/td><\/tr><\/tbody><\/table><\/figure>\n\n\n\n<p class=\"has-body-font-family has-x-small-font-size\" style=\"font-style:normal;font-weight:400\">Paiement uniquement par <strong>ch\u00e8ques ou esp\u00e8ces.<\/strong><\/p>\n\n\n\n<p class=\"has-body-font-family has-x-small-font-size\" style=\"font-style:normal;font-weight:400\">Si vous \u00eates dans l\u2019impossibilit\u00e9 d\u2019honorer un rendez-vous,&nbsp;<strong>merci d\u2019annuler 48 heures \u00e0 l\u2019avance de pr\u00e9f\u00e9rence par email ou par t\u00e9l\u00e9phone, sans quoi la consultation vous est r\u00e9serv\u00e9e et est d\u00fbe<\/strong>.<\/p>\n\n\n\n<p class=\"has-body-font-family has-x-small-font-size\" style=\"font-style:normal;font-weight:400\">*<em>En cas de difficult\u00e9s financi\u00e8res, nous pourrons<\/em>&nbsp;<em>discuter ensemble d\u2019un tarif plus accessible pour vous.<\/em><\/p>\n\n\n\n<div class=\"wp-block-columns is-layout-flex wp-container-core-columns-is-layout-28f84493 wp-block-columns-is-layout-flex\">\n<div class=\"wp-block-column is-layout-flow wp-block-column-is-layout-flow\">\n<h2 class=\"wp-block-heading has-playfair-display-font-family has-xx-large-font-size\" id=\"prendre-rendez-vous\" style=\"font-style:italic;font-weight:700\">Prendre rendez-vous<\/h2>\n\n\n\n<p class=\"has-body-font-family has-medium-font-size\" style=\"font-style:normal;font-weight:400;line-height:2\">Vous pouvez prendre rendez-vous par email, t\u00e9l\u00e9phone ou sur <a href=\"https:\/\/www.doctolib.fr\/psychologue\/villeneuve-d-ascq\/nicolas-gace\/booking\/motives?specialityId=14&amp;telehealth=false&amp;placeId=practice-579121&amp;bookingFunnelSource=profile\">mon profil doctolib<\/a><\/p>\n\n\n\n<div class=\"wp-block-columns is-layout-flex wp-container-core-columns-is-layout-28f84493 wp-block-columns-is-layout-flex\">\n<div class=\"wp-block-column is-layout-flow wp-block-column-is-layout-flow\" style=\"flex-basis:50%\">\n<div class=\"wp-block-columns is-layout-flex wp-container-core-columns-is-layout-28f84493 wp-block-columns-is-layout-flex\">\n<div class=\"wp-block-column is-layout-flow wp-block-column-is-layout-flow\" style=\"flex-basis:100%\">\n<p class=\"has-body-font-family has-medium-font-size\" style=\"font-style:normal;font-weight:400;line-height:2\">Mail : ngace.psychologue@gmail.com<br>T\u00e9l\u00e9phone : 0635244654<\/p>\n<\/div>\n<\/div>\n<\/div>\n\n\n\n<div class=\"wp-block-column is-layout-flow wp-block-column-is-layout-flow\" style=\"flex-basis:30%\">\n<div class=\"wp-block-buttons is-layout-flex wp-block-buttons-is-layout-flex\">\n<div class=\"wp-block-button\"><a class=\"wp-block-button__link has-tertiary-background-color has-background wp-element-button\" style=\"border-style:none;border-width:0px;border-radius:100px\"><strong>Doctolib<\/strong><\/a><\/div>\n<\/div>\n<\/div>\n<\/div>\n<\/div>\n\n\n\n<div class=\"wp-block-column is-layout-flow wp-block-column-is-layout-flow\">\n<h2 class=\"wp-block-heading has-text-align-left has-playfair-display-font-family has-xx-large-font-size\" style=\"font-style:italic;font-weight:700\">Acc\u00e8s<\/h2>\n\n\n\n<ul class=\"wp-block-list has-medium-font-size\">\n<li class=\"has-body-font-family has-medium-font-size\" style=\"font-style:normal;font-weight:400;line-height:2\">Bus ligne 13, arr\u00eat \u00ab\u00a0La providence\u00a0\u00bb<\/li>\n\n\n\n<li class=\"has-body-font-family has-medium-font-size\" style=\"font-style:normal;font-weight:400;line-height:2\">Parking gratuit<\/li>\n\n\n\n<li class=\"has-body-font-family has-medium-font-size\" style=\"font-style:normal;font-weight:400;line-height:2\">Bureau n\u00b01<br><br><\/li>\n<\/ul>\n\n\n\n<iframe src=\"https:\/\/www.google.com\/maps\/embed?pb=!1m18!1m12!1m3!1d2743.2104609084495!2d0.36434287667681536!3d46.56330325943729!2m3!1f0!2f0!3f0!3m2!1i1024!2i768!4f13.1!3m3!1m2!1s0x47fdbee55b41adb9%3A0x9fbf3c32f51a1bfb!2s2bis%20Rue%20de%20la%20Providence%2C%2086000%20Poitiers!5e0!3m2!1sfr!2sfr!4v1714313654635!5m2!1sfr!2sfr\" width=\"600\" height=\"450\" style=\"border:0;\" allowfullscreen=\"\" loading=\"lazy\" referrerpolicy=\"no-referrer-when-downgrade\"><\/iframe>\n<\/div>\n<\/div>\n<\/div>\n<\/div>\n<\/div>\n<\/div>\n<\/div>\n<\/div>\n","protected":false},"excerpt":{"rendered":"<p>Mon approche En tant que psychologue, je m&rsquo;engage \u00e0 offrir un espace s\u00fbr et bienveillant o\u00f9 chacun est libre d&rsquo;explorer les complexit\u00e9s de son esprit et de ses \u00e9motions&#8230;.<\/p>\n","protected":false},"author":1,"featured_media":0,"parent":0,"menu_order":0,"comment_status":"closed","ping_status":"closed","template":"wp-custom-template-psycho","meta":{"footnotes":""},"class_list":["post-2782","page","type-page","status-publish","hentry"],"yoast_head":"<!-- This site is optimized with the Yoast SEO plugin v21.3 - https:\/\/yoast.com\/wordpress\/plugins\/seo\/ -->\n<title>Psychologue Poitiers - NICOLAS GACE<\/title>\n<meta name=\"description\" content=\"Psychologue \u00e0 Poitiers, Domaine d&#039;intervention : La gestion du stress, d\u00e9pression e troubles de l&#039;humeur, confiance en soi, deuil, burn-out..\" \/>\n<meta name=\"robots\" content=\"index, follow, max-snippet:-1, max-image-preview:large, max-video-preview:-1\" \/>\n<link rel=\"canonical\" href=\"https:\/\/nicolasgace-psychologue.fr\/index.php\/psychologue\/\" \/>\n<meta property=\"og:locale\" content=\"fr_FR\" \/>\n<meta property=\"og:type\" content=\"article\" \/>\n<meta property=\"og:title\" content=\"Psychologue Poitiers - NICOLAS GACE\" \/>\n<meta property=\"og:description\" content=\"Psychologue \u00e0 Poitiers, Domaine d&#039;intervention : La gestion du stress, d\u00e9pression e troubles de l&#039;humeur, confiance en soi, deuil, burn-out..\" \/>\n<meta property=\"og:url\" content=\"https:\/\/nicolasgace-psychologue.fr\/index.php\/psychologue\/\" \/>\n<meta property=\"og:site_name\" content=\"Psychologue Poitiers - Nicolas Gace\" \/>\n<meta property=\"article:modified_time\" content=\"2025-06-09T15:11:59+00:00\" \/>\n<meta property=\"og:image\" content=\"https:\/\/nicolasgace-psychologue.fr\/wp-content\/uploads\/2024\/05\/arriere-plan-12-1.png\" \/>\n<meta name=\"twitter:card\" content=\"summary_large_image\" \/>\n<meta name=\"twitter:label1\" content=\"Dur\u00e9e de lecture estim\u00e9e\" \/>\n\t<meta name=\"twitter:data1\" content=\"4 minutes\" \/>\n<script type=\"application\/ld+json\" class=\"yoast-schema-graph\">{\"@context\":\"https:\/\/schema.org\",\"@graph\":[{\"@type\":\"WebPage\",\"@id\":\"https:\/\/nicolasgace-psychologue.fr\/index.php\/psychologue\/\",\"url\":\"https:\/\/nicolasgace-psychologue.fr\/index.php\/psychologue\/\",\"name\":\"Psychologue Poitiers - NICOLAS GACE\",\"isPartOf\":{\"@id\":\"https:\/\/nicolasgace-psychologue.fr\/#website\"},\"datePublished\":\"2024-04-17T13:25:14+00:00\",\"dateModified\":\"2025-06-09T15:11:59+00:00\",\"description\":\"Psychologue \u00e0 Poitiers, Domaine d'intervention : La gestion du stress, d\u00e9pression e troubles de l'humeur, confiance en soi, deuil, burn-out..\",\"breadcrumb\":{\"@id\":\"https:\/\/nicolasgace-psychologue.fr\/index.php\/psychologue\/#breadcrumb\"},\"inLanguage\":\"fr-FR\",\"potentialAction\":[{\"@type\":\"ReadAction\",\"target\":[\"https:\/\/nicolasgace-psychologue.fr\/index.php\/psychologue\/\"]}]},{\"@type\":\"BreadcrumbList\",\"@id\":\"https:\/\/nicolasgace-psychologue.fr\/index.php\/psychologue\/#breadcrumb\",\"itemListElement\":[{\"@type\":\"ListItem\",\"position\":1,\"name\":\"Accueil\",\"item\":\"https:\/\/nicolasgace-psychologue.fr\/\"},{\"@type\":\"ListItem\",\"position\":2,\"name\":\"Psychologue\"}]},{\"@type\":\"WebSite\",\"@id\":\"https:\/\/nicolasgace-psychologue.fr\/#website\",\"url\":\"https:\/\/nicolasgace-psychologue.fr\/\",\"name\":\"Psychologue Poitiers - Nicolas Gace\",\"description\":\"\",\"potentialAction\":[{\"@type\":\"SearchAction\",\"target\":{\"@type\":\"EntryPoint\",\"urlTemplate\":\"https:\/\/nicolasgace-psychologue.fr\/?s={search_term_string}\"},\"query-input\":\"required name=search_term_string\"}],\"inLanguage\":\"fr-FR\"}]}<\/script>\n<!-- \/ Yoast SEO plugin. -->","yoast_head_json":{"title":"Psychologue Poitiers - NICOLAS GACE","description":"Psychologue \u00e0 Poitiers, Domaine d'intervention : La gestion du stress, d\u00e9pression e troubles de l'humeur, confiance en soi, deuil, burn-out..","robots":{"index":"index","follow":"follow","max-snippet":"max-snippet:-1","max-image-preview":"max-image-preview:large","max-video-preview":"max-video-preview:-1"},"canonical":"https:\/\/nicolasgace-psychologue.fr\/index.php\/psychologue\/","og_locale":"fr_FR","og_type":"article","og_title":"Psychologue Poitiers - NICOLAS GACE","og_description":"Psychologue \u00e0 Poitiers, Domaine d'intervention : La gestion du stress, d\u00e9pression e troubles de l'humeur, confiance en soi, deuil, burn-out..","og_url":"https:\/\/nicolasgace-psychologue.fr\/index.php\/psychologue\/","og_site_name":"Psychologue Poitiers - Nicolas Gace","article_modified_time":"2025-06-09T15:11:59+00:00","og_image":[{"url":"https:\/\/nicolasgace-psychologue.fr\/wp-content\/uploads\/2024\/05\/arriere-plan-12-1.png"}],"twitter_card":"summary_large_image","twitter_misc":{"Dur\u00e9e de lecture estim\u00e9e":"4 minutes"},"schema":{"@context":"https:\/\/schema.org","@graph":[{"@type":"WebPage","@id":"https:\/\/nicolasgace-psychologue.fr\/index.php\/psychologue\/","url":"https:\/\/nicolasgace-psychologue.fr\/index.php\/psychologue\/","name":"Psychologue Poitiers - NICOLAS GACE","isPartOf":{"@id":"https:\/\/nicolasgace-psychologue.fr\/#website"},"datePublished":"2024-04-17T13:25:14+00:00","dateModified":"2025-06-09T15:11:59+00:00","description":"Psychologue \u00e0 Poitiers, Domaine d'intervention : La gestion du stress, d\u00e9pression e troubles de l'humeur, confiance en soi, deuil, burn-out..","breadcrumb":{"@id":"https:\/\/nicolasgace-psychologue.fr\/index.php\/psychologue\/#breadcrumb"},"inLanguage":"fr-FR","potentialAction":[{"@type":"ReadAction","target":["https:\/\/nicolasgace-psychologue.fr\/index.php\/psychologue\/"]}]},{"@type":"BreadcrumbList","@id":"https:\/\/nicolasgace-psychologue.fr\/index.php\/psychologue\/#breadcrumb","itemListElement":[{"@type":"ListItem","position":1,"name":"Accueil","item":"https:\/\/nicolasgace-psychologue.fr\/"},{"@type":"ListItem","position":2,"name":"Psychologue"}]},{"@type":"WebSite","@id":"https:\/\/nicolasgace-psychologue.fr\/#website","url":"https:\/\/nicolasgace-psychologue.fr\/","name":"Psychologue Poitiers - Nicolas Gace","description":"","potentialAction":[{"@type":"SearchAction","target":{"@type":"EntryPoint","urlTemplate":"https:\/\/nicolasgace-psychologue.fr\/?s={search_term_string}"},"query-input":"required name=search_term_string"}],"inLanguage":"fr-FR"}]}},"_links":{"self":[{"href":"https:\/\/nicolasgace-psychologue.fr\/index.php\/wp-json\/wp\/v2\/pages\/2782","targetHints":{"allow":["GET"]}}],"collection":[{"href":"https:\/\/nicolasgace-psychologue.fr\/index.php\/wp-json\/wp\/v2\/pages"}],"about":[{"href":"https:\/\/nicolasgace-psychologue.fr\/index.php\/wp-json\/wp\/v2\/types\/page"}],"author":[{"embeddable":true,"href":"https:\/\/nicolasgace-psychologue.fr\/index.php\/wp-json\/wp\/v2\/users\/1"}],"replies":[{"embeddable":true,"href":"https:\/\/nicolasgace-psychologue.fr\/index.php\/wp-json\/wp\/v2\/comments?post=2782"}],"version-history":[{"count":123,"href":"https:\/\/nicolasgace-psychologue.fr\/index.php\/wp-json\/wp\/v2\/pages\/2782\/revisions"}],"predecessor-version":[{"id":3085,"href":"https:\/\/nicolasgace-psychologue.fr\/index.php\/wp-json\/wp\/v2\/pages\/2782\/revisions\/3085"}],"wp:attachment":[{"href":"https:\/\/nicolasgace-psychologue.fr\/index.php\/wp-json\/wp\/v2\/media?parent=2782"}],"curies":[{"name":"wp","href":"https:\/\/api.w.org\/{rel}","templated":true}]}}